 3601 and 91481.
13
Calculate the greatest common divisor of 256240 and 72880.
80
Calculate the greatest common factor of 11 and 277127730.
11
What is the greatest common divisor of 1701560 and 22505?
35
What is the greatest common divisor of 924726 and 1200?
6
What is the highest common divisor of 1295 and 265103335?
1295
Calculate the highest common divisor of 11092455 and 990.
495
Calculate the greatest common divisor of 848 and 21548528.
848
Calculate the greatest common factor of 6749346 and 321.
321
What is the highest common factor of 32746801 and 1?
1
Calculate the highest common factor of 6777026 and 54731.
229
What is the highest common divisor of 799 and 242624?
17
Calculate the highest common factor of 134218 and 22400.
14
What is the highest common factor of 336963 and 3234?
33
What is the highest common factor of 17636 and 252957557?
4409
Calculate the greatest common factor of 14738396 and 32872.
2348
Calculate the greatest common factor of 1456 and 2455336.
104
Calculate the highest common factor of 199000676 and 112.
28
Calculate the greatest common divisor of 19475 and 368980.
95
What is the greatest common factor of 45237 and 2490696?
2661
What is the greatest common factor of 63707 and 11381?
19
What is the highest common divisor of 19728150 and 871?
871
Calculate the greatest common divisor of 979 and 70169.
11
Calculate the highest common factor of 6 and 28545546.
6
What is the greatest common divisor of 8043 and 63630?
21
What is the greatest common factor of 295888 and 384?
16
Calculate the highest common divisor of 646728 and 384.
24
What is the highest common divisor of 367400 and 1324400?
2200
What is the highest common divisor of 5024 and 200332?
628
What is the highest common divisor of 64885662 and 234?
18
Calculate the highest common factor of 9500341 and 77178.
677
What is the greatest common factor of 128160 and 9056?
32
Calculate the highest common factor of 270 and 2614554.
18
What is the greatest common divisor of 14130112 and 32?
32
Calculate the highest common factor of 210 and 4402839.
21
Calculate the greatest common factor of 14634477 and 1233.
1233
Calculate the highest common factor of 1850 and 79370.
10
What is the greatest common divisor of 164 and 9883829?
41
Calculate the highest common divisor of 232 and 6411536.
8
Calculate the greatest common divisor of 11674951 and 3215.
643
What is the greatest common factor of 414897 and 703869?
69
What is the greatest common factor of 351 and 126741429?
27
What is the greatest common factor of 16753 and 46711933?
1523
What is the highest common divisor of 741 and 233996799?
57
Calculate the highest common factor of 178 and 892694742.
178
Calculate the greatest common factor of 75 and 1122195525.
75
Calculate the greatest common divisor of 15512395 and 12680.
1585
What is the greatest common factor of 1156565200 and 1120?
560
What is the greatest common factor of 1741174 and 3071?
83
What is the greatest common divisor of 756 and 95041674?
378
Calculate the highest common divisor of 3897930 and 2910.
30
Calculate the highest common divisor of 48804 and 694428.
588
What is the greatest common factor of 452 and 1436310908?
452
Calculate the greatest common factor of 566236 and 35156.
748
Calculate the highest common factor of 9464 and 6088628.
364
What is the greatest common divisor of 7289 and 552191?
197
Calculate the highest common divisor of 289408 and 445088.
224
Calculate the greatest common divisor of 842590 and 810.
10
Calculate the highest common divisor of 3279726 and 16878.
174
What is the highest common factor of 20 and 3896495?
5
Calculate the highest common divisor of 140 and 2350750.
10
What is the greatest common divisor of 21755 and 138525?
5
Calculate the highest common factor of 2049 and 10389.
3
Calculate the highest common factor of 43368 and 602565.
417
Calculate the greatest common divisor of 79363 and 165262.
19
Calculate the highest common divisor of 287406 and 124.
2
What is the highest common factor of 24695001 and 4239?
1413
Calculate the highest common factor of 43571 and 1872431.
187
Calculate the highest common divisor of 8 and 307185504.
8
What is the greatest common factor of 5996 and 804?
4
What is the greatest common divisor of 961763 and 473?
11
What is the greatest common divisor of 301520 and 5120?
80
Calculate the highest common factor of 13579 and 2368.
37
Calculate the highest common factor of 8320400 and 692912.
5456
What is the greatest common divisor of 24588 and 1052?
4
What is the greatest common factor of 109 and 52438810?
109
Calculate the greatest common divisor of 3493 and 240045946.
3493
Calculate the highest common factor of 182573375 and 2375.
2375
What is the highest common divisor of 14 and 27853402?
2
What is the greatest common divisor of 714064546 and 101?
101
What is the highest common divisor of 6097 and 3830792?
469
What is the greatest common divisor of 39276881 and 98?
49
What is the highest common divisor of 59214 and 72558?
834
Calculate the greatest common divisor of 43358 and 99389.
19
What is the highest common factor of 8920 and 40840?
40
Calculate the greatest common divisor of 2621537 and 39647.
967
Calculate the greatest common divisor of 42736865 and 58.
29
What is the greatest common factor of 5145808 and 127680?
304
What is the highest common divisor of 26300 and 5036?
4
What is the highest common divisor of 454491 and 1425375?
1629
What is the greatest common divisor of 320008815 and 6510?
3255
Calculate the greatest common divisor of 28375 and 447871.
227
Calculate the greatest common divisor of 120 and 3874600.
40
What is the highest common divisor of 1356 and 8718628?
452
What is the greatest common divisor of 30 and 529217655?
15
Calculate the greatest common factor of 28999272 and 8.
8
What is the greatest common divisor of 27972 and 5716?
4
What is the greatest common divisor of 9508382 and 1794?
26
What is the greatest common factor of 1988902 and 2806?
46
What is the greatest common divisor of 27387789 and 78?
39
What is the greatest common factor of 429660 and 1017?
9
What is the highest common factor of 28066314 and 642?
642
What is the greatest common factor of 4978050 and 396550?
3850
Calculate the highest common divisor of 11044 and 2554996268.
11044
Calculate the greatest common factor of 2548 and 2060548.
196
What is the greatest common factor of 17826978 and 92?
46
What is the highest common divisor of 114696 and 299720?
472
What is the highest common factor of 3129131 and 8207?
283
Calculate the highest common divisor of 152805664 and 2112.
352
Calculate the highest common divisor of 14459 and 26123608.
761
Calculate the highest common divisor of 2971507 and 6549.
37
Calculate the highest common factor of 125838232 and 208.
104
What is the highest common divisor of 23 and 4919424?
23
Calculate the greatest common divisor of 87264 and 215648.
32
What is the highest common factor of 38 and 5525170740?
38
Calculate the greatest common factor of 31931610 and 306.
102
Calculate the greatest common divisor of 240 and 1554096.
48
What is the highest common divisor of 4455179 and 119734?
131
Calculate the greatest common divisor of 1134 and 614073474.
1134
What is the highest common divisor of 26 and 564243121?
13
Calculate the highest common divisor of 19728 and 9829476.
4932
What is the highest common factor of 5304 and 9530404?
884
What is the greatest common divisor of 24 and 2404020?
12
Calculate the highest common divisor of 204 and 75731226.
102
Calculate the highest common factor of 82 and 22732327.
41
What is the greatest common factor of 744 and 19895490?
186
What is the highest common factor of 9122574 and 153459?
867
Calculate the highest common divisor of 265254832 and 14368.
7184
Calculate the highest common factor of 15005 and 62285.
5
What is the highest common factor of 53412840 and 2020?
2020
What is the highest common divisor of 30614247 and 2727?
27
Calculate the highest common factor of 25558 and 244790.
26
Calculate the highest common factor of 71523 and 134362578.
2649
Calculate the greatest common divisor of 7202832 and 60333.
4641
What is the greatest common divisor of 648 and 62837532?
324
Calculate the greatest common factor of 776 and 49709978.